 l be 6*5/10 + 187. Let i = -121 + l. Let q = i + -58. What is the tens digit of q?
1
Let y(t) = 46*t**2 - 190*t + 3. What is the tens digit of y(-7)?
8
Let r = 283 + -250. Let b(w) = -28*w - 1. Let h be b(-2). Suppose x - r = h. What is the tens digit of x?
8
What is the units digit of (-19)/(342/165105)*-2?
5
Let d = 3980 + -10544. What is the tens digit of (4 + 2 + -3)*d/(-36)?
4
Let j(y) = -y**3 + 6*y**2 + 13*y - 3. Let a = -90 - -25. Let p = 72 + a. What is the tens digit of j(p)?
3
Let l be (-10)/75*5 + (-8182)/(-6). Let m = l - 941. Suppose 0 = -5*q - 3*g + 546, -5*g = -q - 3*q + m. What is the tens digit of q?
0
Suppose 210 = 8*n - 10*n. Let m = -192 - n. Let a = 174 + m. What is the units digit of a?
7
Suppose 0 = 4*k + 3*u + 160 + 323, -2*k - 5*u - 231 = 0. Let a = 163 + k. What is the units digit of a?
0
Let y = 34 + -34. Suppose -4 = -u + 2*x - y*x, 5*u + 25 = -5*x. What is the tens digit of 1/u + 2 + 70/4?
1
Suppose -q - 4*g + 3*g = -90, 0 = -q - 5*g + 110. Suppose -m = 4*m - q. Suppose -266 = -m*d + 15*d. What is the tens digit of d?
3
Let s(p) = 18*p**3 - 3*p**2 - p + 2. Let j be s(-1). What is the hundreds digit of (-12532)/j - -2 - (-96)/(-432)?
6
Suppose 0 = -6*i - 2 - 4. Let b be 0 + 3 + -4 - i. Suppose b = 5*r - 4*r - 76. What is the units digit of r?
6
What is the tens digit of (-20)/(-4) + 7565 - (-1 + (-1 - 0))?
7
Suppose -74*n + 53748 = -68870. What is the units digit of n?
7
Suppose -r + 4*r - 3 = 4*w, -16 = 3*w - 5*r. Suppose -4*z - a = 4*a - 464, -348 = -3*z + a. Suppose w*v = 103 + z. What is the tens digit of v?
7
Suppose -2*u - 2*x = 3*u - 75, -x + 31 = 2*u. Let c(w) = -18 - w - u*w - 25*w. What is the units digit of c(-3)?
9
Let m be (14/21 + 6)*-12. Suppose -3*r - 6 = -0*r, 2*v - r - 370 = 0. Let t = v + m. What is the hundreds digit of t?
1
Let z be ((-6)/5)/(2/(-20)). Let c be 2/z + (-22)/(-12). Suppose 2*r - 2 = c*o, 0*r + 4*r = 2*o + 12. What is the units digit of o?
4
Let v(t) = t**3 - 12*t**2 - 20*t + 3. Let h be v(15). Let y = h + -183. What is the hundreds digit of y?
1
Let b be (0 - 8)*-12 - 0. Let x = 475 - 324. Let i = x - b. What is the tens digit of i?
5
Let x(m) = 80*m - 17. Let h(l) = -3*l - 57. Let b be h(-23). Let q be 30/b + (-1)/2. What is the units digit of x(q)?
3
Let p be (-716)/((12/(-3))/(-4)). What is the tens digit of (-7)/(224/8)*p?
7
Let p = -51 - -54. Suppose 5*t - t - 293 = -k, 87 = t + p*k. What is the units digit of t?
2
Let m(x) = 8*x**2 + 3*x - 10. Suppose 8*u = -9*u + 136. What is the tens digit of m(u)?
2
Let h be ((-4)/6)/((-72)/443988). Suppose 5*y - 174 = h. What is the units digit of y?
7
Let u be 423*1*-44*(-7)/84. Suppose -3 = -2*r - 13, u = 4*n + 5*r. What is the hundreds digit of n?
3
Let b be (-6)/(-5)*(-40)/(-12). Suppose -3*g - u = -1595, 0*u = b*u - 20. What is the hundreds digit of g?
5
Suppose 63*n + 36478 = 5*t + 64*n, n = 4*t - 29168. What is the tens digit of t?
9
What is the ten thousands digit of (3*-113 + (-8 - -4))/(14/(-1918))?
4
Let a(l) = -l**3 - 17*l**2 + 16*l + 17. Let z be a(-19). Suppose -62 = p - z. Suppose -4*n + 107 + p = 4*f, n - 140 = -5*f. What is the units digit of n?
5
Let h(y) = y**3 + 6*y**2 - 20*y - 34. Let r be h(-8). What is the units digit of 91/r*(-32 - -30)?
1
Let q(l) = l**2 - 25. Let z be (-114)/(-30) - (-4)/20. Suppose -z*o + 41 = 5*u, -3*u + 12 = o - 0*u. What is the tens digit of q(o)?
5
Let b(w) = w**3 - 2*w**2 - 3*w + 4. Let g be b(3). Suppose -x + 5*h = 3*x - 1354, -3*x + 1000 = g*h. Suppose 4*f - x = -52. What is the tens digit of f?
7
Suppose -5*r - 5 = 5*q, 1 = -4*r - 2*q - 9. Let w(s) = -6*s**3 + 9*s**2 + 15*s - 3. What is the units digit of w(r)?
5
Suppose -2*i + 5264 = -2*o - 12024, 5*o = -15. What is the hundreds digit of i?
6
Let k(t) be the second derivative of t**7/360 - t**6/144 - t**5/40 - 4*t**4/3 + 4*t. Let p(x) be the third derivative of k(x). What is the units digit of p(4)?
9
Let f be -2 + (306/(-5))/((-33)/(-110)). Let s = 316 + f. Suppose -s = -5*l + 5*h, -2*l + 4*h + 14 = -28. What is the tens digit of l?
2
Suppose 4*k - 389 - 308 = -3*b, 5*b - 1185 = 5*k. Let r be (-14)/(-63) + 4191/(-27). Let a = r + b. What is the units digit of a?
0
Suppose 534*j = 518*j + 20128. What is the tens digit of j?
5
Suppose -4*r + b + 5714 = 0, b - 5*b = -3*r + 4279. What is the hundreds digit of 60/(-48) + r/4?
3
Suppose 0 = 69*y + 263*y - 16914072. What is the tens digit of y?
4
Suppose -3*d + 6 = -0. Suppose 4*m = 2*q - 5*q + 300, -d*m = -q - 140. Suppose 2*y + 70 = m. What is the units digit of y?
1
Suppose 4*w + 16 = 8*w. What is the tens digit of (-373)/((4/(-1))/w)?
7
Let z = -12 + 22. Let d(x) = x**3 - 11*x**2 + 9*x + 6. Let b be d(z). What is the tens digit of (b/(-8) - 0)*116?
5
Suppose 0*h - 5332 = -4*d + 4*h, 0 = 3*d + h - 3987. Suppose 0 = -0*o - 2*o + 5*f + 532, -d = -5*o - 3*f. What is the tens digit of o?
6
Suppose -14*n + 8412 + 13940 = 30*n. What is the hundreds digit of n?
5
Let j = 215 - 211. What is the hundreds digit of j/(-1 - -5) - -687?
6
Suppose -7*p + 246 = -10*p. Let f = -92 - p. What is the tens digit of 18/(7/f - -1)?
6
What is the hundreds digit of -30*1828*(-110)/264?
8
Let j = 2863 + 5165. What is the tens digit of j?
2
Let i(v) = 4*v**3 + 7*v**2 - 37*v + 46. What is the thousands digit of i(12)?
7
Let v(f) = -6*f + 78. Let j be v(13). Suppose j = -7*m - 3*m + 5000. What is the tens digit of m?
0
Suppose 126 - 130 = -f. Suppose f*w = 8*w. Suppose w = 6*k - 320 - 400. What is the tens digit of k?
2
What is the units digit of 37677 - (-5 + 12/(-12))?
3
Suppose 32*z - 140535 - 13161 = 0. What is the hundreds digit of z?
8
Let b(o) = o**3 - 14*o**2 - 4*o - 12. Let z(m) = 3*m**3 - m**2 - 3*m - 1. Let q be z(2). Let s be b(q). What is the hundreds digit of (-7 - s) + -2 - (1 - 0)?
2
Let r = -2359 - -4441. What is the units digit of r?
2
Let n be 11/((-11)/262)*-10. Suppose 0 = -26*r + 22*r + n. Suppose -9*k + 14*k = r. What is the units digit of k?
1
Suppose -5*w - 55 = -5*j, w + 2*j - 4*j = -12. Let z be (4/w)/(7/105). What is the tens digit of 65/4 - z/(-24)?
1
Let u(s) = -s**3 + 15*s**2 + 16*s - 13. Let x be u(14). Let i = x + 83. What is the tens digit of i?
9
Suppose -5852426 - 237976 = -248*k + 904190. What is the ten thousands digit of k?
2
Suppose 4*v = 3*f + 12966, -4*f = -3*v + 3100 + 6628. What is the hundreds digit of v?
2
Suppose -49*a + 32*a = -51. Suppose 0 = -20*y + 23*y - 5*x - 4268, 5*y - a*x - 7092 = 0. What is the tens digit of y?
1
Let q(y) = -37*y**2 - 51*y - 197. Let h(u) = -13*u**2 - 17*u - 66. Let l(f) = -7*h(f) + 2*q(f). What is the units digit of l(-6)?
8
Let d = -694 - -887. Suppose -d*g = -188*g - 6655. What is the thousands digit of g?
1
Let d = 2 + -1. Let k be (-2)/((-15 - -3)*3/6)*0. What is the tens digit of d/(k - (278/(-276) + 1))?
3
Let d = -9514 + 16370. What is the units digit of d?
6
Let w = -46 - -70. What is the units digit of w/(-36) + 172/6?
8
Let j(i) = 68*i**2 + 469*i - 23. What is the units digit of j(10)?
7
Suppose w + 2*v + 8 = 1, 20 = -4*w - 4*v. Let x(y) = -75*y - 1. What is the units digit of x(w)?
4
What is the units digit of (-36)/288 + 921*(-1641)/(-72)?
1
Let y(p) = 166*p - 11 + 228*p**3 - 15*p**3 + 152*p + p**2 - 311*p. What is the thousands digit of y(2)?
1
Suppose 47*w + 79*w - 607194 = 0. What is the tens digit of w?
1
Let o(w) be the second derivative of 5*w**2 + 17/6*w**3 - 24*w + 0 + 5/12*w**4. What is the units digit of o(-7)?
6
Let x(g) = 49*g - 9. Suppose 0 = -3*b - h + 10, 7*h - 20 = 2*h. Suppose -3*v - b = -11. What is the tens digit of x(v)?
3
Let f be (-19 + 21)/(-3 + 5280/1761). Let t = -40 - f. What is the hundreds digit of t?
1
Let g(l) = l**2 - 7*l + 2. Let j be g(7). Suppose -t - w = -22, -5*t + j*w + 76 = -2*t. Let z = 58 - t. What is the tens digit of z?
3
Let b(g) = -g**3 + 10*g**2 + 2*g + 2. Let f be b(7). Suppose -5*w + 140 = -5*a, -4*w - 4*a + f = 51. Suppose 5*q = 67 + w. What is the tens digit of q?
1
Let o be ((-2)/(-1))/(15/(-30)) + 4. What is the tens digit of 177051/147 - (4/(-7) - o)?
0
Let u = -42 - -45. Suppose -6*g - z = -g - 34, 4*z + 25 = u*g. What is the tens digit of 3 + 137 - (g - 3)?
3
Suppose -14*x + 5 + 37 = 0. Suppose -x*i = 4*t - 2812, -2*t + 3*t = -5*i + 4698. What is the hundreds digit of i?
